e the greatest common divisor of 1827 and 3005226.
63
What is the greatest common factor of 331939150 and 7386?
2462
What is the highest common factor of 58068910 and 2405?
185
What is the greatest common factor of 69363 and 1775179?
2569
What is the highest common divisor of 608044 and 710?
142
Calculate the highest common divisor of 68 and 376576724.
68
What is the highest common factor of 6601150 and 13568?
106
What is the greatest common factor of 11470 and 1079854?
62
Calculate the highest common factor of 25 and 153077.
1
Calculate the greatest common factor of 7360 and 265420.
460
Calculate the highest common factor of 1395 and 925740.
45
What is the highest common divisor of 505 and 9834067?
101
What is the greatest common factor of 25038 and 4575534?
642
What is the highest common divisor of 803463 and 1284?
321
What is the highest common factor of 221 and 47793239?
221
What is the greatest common divisor of 16726446 and 3132?
1566
Calculate the greatest common divisor of 305435 and 740.
185
What is the greatest common factor of 394093195 and 655?
655
What is the highest common divisor of 26 and 1072905522?
26
What is the highest common factor of 1775306 and 156?
26
What is the greatest common divisor of 2520 and 3285480?
120
Calculate the highest common factor of 213 and 3246239493.
213
What is the highest common factor of 433 and 2433978301?
433
Calculate the highest common factor of 12198 and 300062668.
4066
Calculate the highest common factor of 217232244 and 684.
684
What is the highest common divisor of 4973873 and 3004?
751
Calculate the highest common divisor of 252 and 10215009.
63
What is the greatest common divisor of 29406 and 1567566?
2262
Calculate the highest common divisor of 886732 and 55286.
154
What is the greatest common divisor of 2496 and 210714816?
2496
What is the highest common divisor of 3 and 2397683?
1
Calculate the highest common divisor of 7012257 and 38136.
4767
What is the greatest common factor of 4645200 and 16842?
42
What is the greatest common factor of 8790834 and 4128?
258
What is the greatest common divisor of 4680170 and 8943?
2981
Calculate the greatest common divisor of 2794 and 2750.
22
What is the highest common divisor of 351 and 4213365?
39
Calculate the highest common factor of 160 and 138155.
5
What is the highest common divisor of 841045 and 12980?
295
Calculate the greatest common factor of 9031585 and 42935.
1385
Calculate the highest common factor of 362520 and 41914.
38
What is the highest common factor of 740 and 15551026?
74
What is the greatest common divisor of 8279688 and 3576?
24
Calculate the highest common divisor of 16095668 and 748.
68
What is the highest common divisor of 155839758 and 1446?
1446
What is the greatest common divisor of 70451672 and 24?
8
Calculate the highest common divisor of 1037708 and 4396.
28
What is the greatest common factor of 1088 and 16863456?
544
What is the highest common divisor of 57265 and 7865?
65
What is the highest common divisor of 5758 and 1647404106?
5758
Calculate the highest common divisor of 134155 and 304150.
35
Calculate the highest common factor of 107670986 and 133.
19
Calculate the greatest common factor of 25900 and 4144.
1036
What is the greatest common divisor of 1338077 and 25428?
13
What is the greatest common factor of 2209 and 172020?
47
What is the highest common factor of 21676354 and 126?
14
What is the highest common factor of 2104 and 186586928?
2104
Calculate the greatest common factor of 209216 and 514752.
448
What is the highest common factor of 22992 and 754522716?
5748
What is the greatest common factor of 22093469 and 1?
1
Calculate the highest common factor of 4123 and 85360856.
217
What is the highest common divisor of 170710307 and 95?
19
What is the greatest common divisor of 11638818 and 214?
214
Calculate the greatest common factor of 7420 and 80887646.
742
What is the highest common factor of 256208 and 3107?
239
Calculate the greatest common divisor of 99 and 168355891.
11
What is the greatest common factor of 1061900 and 1558?
82
Calculate the highest common factor of 11233140 and 40.
20
Calculate the greatest common divisor of 67662 and 9129.
537
What is the highest common factor of 516180 and 1286460?
420
Calculate the greatest common factor of 6368 and 61137178.
398
What is the greatest common factor of 307 and 216366539?
307
Calculate the highest common divisor of 621 and 53992569.
69
Calculate the highest common divisor of 199186 and 12982528.
1222
Calculate the highest common factor of 132 and 14061597.
33
Calculate the greatest common factor of 11576 and 71384851.
1447
Calculate the greatest common factor of 22753 and 197884.
61
Calculate the highest common divisor of 23194 and 626.
2
What is the highest common divisor of 1147 and 134709193?
37
What is the highest common divisor of 35447 and 66?
1
Calculate the greatest common factor of 4 and 139332.
4
What is the greatest common divisor of 1266 and 10513497?
633
What is the highest common factor of 4319817 and 52593?
141
What is the greatest common divisor of 1110 and 770850?
30
Calculate the highest common factor of 409541 and 1002835.
1201
Calculate the highest common factor of 1984 and 880432.
16
Calculate the highest common divisor of 13199654 and 5382.
598
Calculate the highest common divisor of 5000232 and 120.
24
What is the greatest common divisor of 25380 and 4591080?
540
What is the highest common divisor of 2461518 and 198?
18
What is the greatest common factor of 4555 and 1189766?
911
Calculate the highest common factor of 1687144 and 4712.
248
What is the highest common divisor of 2634672 and 10128?
48
What is the highest common divisor of 1894175948 and 348?
116
Calculate the greatest common divisor of 1479072 and 30752.
992
What is the greatest common divisor of 10001106 and 28044?
342
What is the highest common factor of 20834 and 3759888?
22
What is the greatest common divisor of 98039272 and 136?
136
What is the highest common factor of 1064336 and 33592?
1768
Calculate the highest common divisor of 3916299 and 24.
3
What is the highest common factor of 10142433 and 1194?
597
What is the highest common divisor of 17009 and 11169?
73
Calculate the greatest common factor of 215809 and 84625277.
9383
Calculate the highest common divisor of 44938905 and 51.
51
Calculate the highest common divisor of 14687 and 2077460.
19
Calculate the greatest common factor of 187249 and 23187079.
3533
Calculate the greatest common factor of 57 and 22896349.
19
Calculate the greatest common divisor of 4474 and 3052.
2
What is the highest common factor of 94767 and 278938?
31
What is the highest common factor of 7385 and 20965?
35
What is the highest common divisor of 188 and 10982537?
47
Calculate the greatest common divisor of 137928 and 208534.
1642
Calculate the highest common divisor of 852078 and 116.
58
What is the highest common divisor of 14183806 and 13?
13
What is the highest common divisor of 110 and 3589685?
55
Calculate the highest common divisor of 562352 and 35.
7
What is the greatest common divisor of 224 and 238208?
32
What is the greatest common factor of 63783548 and 307?
307
What is the highest common divisor of 804 and 2061636?
12
Calculate the highest common divisor of 1028 and 28605385.
257
Calculate the highest common divisor of 7554 and 99.
3
What is the greatest common divisor of 3846 and 4949171256?
3846
Calculate the greatest common factor of 38565078 and 1428.
102
Calculate the greatest common divisor of 41600 and 2667184.
208
Calculate the greatest common factor of 1363230 and 6183540.
8910
What is the highest common factor of 218912 and 1176?
8
What is the greatest common factor of 98 and 925267?
49
Calculate the highest common factor of 128204202 and 29862.
3318
Calculate the highest common factor of 99096478 and 11336.
2834
Calculate the highest common divisor of 3607179 and 135.
3
What is the highest common factor of 199048164 and 9192?
4596
Calculate the highest common divisor of 188643870 and 410.
410
What is the highest common divisor of 959152 and 6?
2
Calculate the greatest common factor of 79 and 1909067706.
79
What is the highest common divisor of 36 and 15547284?
36
What is the greatest common diviso